?
False
Does 15 divide 97618?
False
Is 54 a factor of 490482?
True
Does 8 divide 15109?
False
Does 24 divide 4200?
True
Does 2329 divide 19864041?
True
Does 90 divide 101951?
False
Is 18 a factor of 143037?
False
Does 10 divide 178595?
False
Does 38 divide 59812?
True
Is 613 a factor of 174013?
False
Is 4 a factor of 18284?
True
Is 4520018 a multiple of 21?
False
Is 17 a factor of 349384?
True
Is 9372898 a multiple of 619?
True
Is 17253 a multiple of 13?
False
Is 2 a factor of 1507586?
True
Does 6 divide 1953181?
False
Is 28355 a multiple of 107?
True
Is 2504653 a multiple of 21?
False
Does 4 divide 103780?
True
Is 31 a factor of 472306?
False
Is 908544 a multiple of 192?
True
Does 9 divide 3932712?
True
Is 175076 a multiple of 92?
True
Is 23 a factor of 155501?
False
Does 9 divide 12172635?
True
Does 2472 divide 14273328?
True
Does 43 divide 382915?
True
Is 2562390 a multiple of 426?
True
Is 114 a factor of 344422?
False
Is 51100 a multiple of 175?
True
Is 5136 a multiple of 8?
True
Does 53 divide 620100?
True
Is 460383 a multiple of 231?
True
Is 44 a factor of 9238?
False
Is 109 a factor of 7597?
False
Does 583 divide 16279109?
True
Is 323292 a multiple of 116?
True
Is 217 a factor of 988652?
True
Is 5251932 a multiple of 59?
False
Is 13299 a multiple of 102?
False
Is 12 a factor of 25413?
False
Is 1968920 a multiple of 20?
True
Is 13 a factor of 1021267?
True
Is 1862 a factor of 15320026?
False
Is 34 a factor of 28472314?
True
Does 3 divide 2601236?
False
Is 96 a factor of 2431584?
True
Does 75 divide 139383?
False
Is 101682 a multiple of 4?
False
Does 7 divide 403167?
False
Is 788371 a multiple of 3?
False
Is 207 a factor of 26731?
False
Is 1848290 a multiple of 7?
False
Does 17 divide 335716?
True
Is 86 a factor of 3060912?
True
Is 251 a factor of 933971?
True
Is 24 a factor of 276240?
True
Is 955892 a multiple of 39?
False
Does 47 divide 3863024?
True
Does 41 divide 3162986?
True
Does 6 divide 536889?
False
Is 7 a factor of 900431?
True
Is 479 a multiple of 26?
False
Does 31 divide 77252?
True
Is 1652618 a multiple of 11?
True
Is 215190 a multiple of 32?
False
Is 6 a factor of 53423?
False
Is 14729399 a multiple of 27?
False
Is 155382 a multiple of 184?
False
Is 13013688 a multiple of 24?
True
Is 88 a factor of 38060?
False
Does 7 divide 16135?
True
Does 87 divide 338169?
True
Is 697 a factor of 1546805?
False
Does 1418 divide 1304560?
True
Does 150 divide 889190?
False
Is 9 a factor of 9909?
True
Is 14860200 a multiple of 150?
True
Is 908119 a multiple of 141?
False
Does 9 divide 1895591?
False
Does 61 divide 1387018?
True
Does 11 divide 1115235?
True
Is 6206183 a multiple of 11?
False
Is 553 a factor of 654752?
True
Is 155 a factor of 351850?
True
Is 6 a factor of 132396?
True
Does 21 divide 11175024?
True
Is 286 a factor of 218790?
True
Is 8 a factor of 1443640?
True
Does 16 divide 1748560?
True
Is 14940 a multiple of 60?
True
Does 214 divide 5759596?
True
Does 51 divide 209800?
False
Does 211 divide 291180?
True
Does 19 divide 1351358?
False
Is 7 a factor of 885526?
False
Is 7030980 a multiple of 583?
True
Is 25 a factor of 69325?
True
Is 11004 a multiple of 51?
False
Does 32 divide 129906?
False
Is 917288 a multiple of 27?
False
Is 6632085 a multiple of 39?
False
Does 192 divide 10271537?
False
Is 43 a factor of 454252?
True
Is 12992 a multiple of 15?
False
Is 1894090 a multiple of 485?
False
Is 4 a factor of 389969?
False
Does 16 divide 358722?
False
Is 1998759 a multiple of 527?
False
Does 506 divide 1364964?
False
Does 4 divide 21020?
True
Is 88 a factor of 4117996?
False
Does 383 divide 16038891?
True
Does 6 divide 128695?
False
Does 1129 divide 2805874?
False
Is 129932 a multiple of 59?
False
Is 29587 a multiple of 8?
False
Does 409 divide 751333?
True
Is 945135 a multiple of 45?
True
Is 1390555 a multiple of 35?
False
Is 45187 a multiple of 7?
False
Does 94 divide 985214?
True
Does 42 divide 123144?
True
Does 195 divide 202800?
True
Does 189 divide 8347941?
True
Does 6 divide 25140?
True
Is 422087 a multiple of 34?
False
Is 7366608 a multiple of 72?
True
Is 5 a factor of 206629?
False
Is 9 a factor of 413694?
True
Is 54 a factor of 3800034?
True
Does 114 divide 445287?
False
Is 103 a factor of 474571?
False
Does 4 divide 209731?
False
Is 2840 a multiple of 5?
True
Is 893704 a multiple of 7?
True
Does 54 divide 1042254?
True
Is 894760 a multiple of 41?
False
Is 66 a factor of 139760?
False
Is 255 a factor of 1092930?
True
Does 71 divide 93115?
False
Is 4 a factor of 3225017?
False
Does 6 divide 510772?
False
Does 213 divide 312030?
False
Is 352635 a multiple of 12?
False
Does 495 divide 164340?
True
Does 4 divide 1104?
True
Is 10 a factor of 76454?
False
Does 163 divide 23035?
False
Is 2 a factor of 218699?
False
Does 399 divide 1293216?
False
Is 46 a factor of 324392?
True
Is 49 a factor of 112848?
False
Does 6 divide 47181?
False
Does 266 divide 468428?
False
Is 127 a factor of 20777?
False
Is 564972 a multiple of 267?
True
Is 1046 a factor of 15060308?
True
Is 4 a factor of 9176036?
True
Does 38 divide 143640?
True
Is 14 a factor of 4175948?
True
Does 954 divide 32535889?
False
Is 79 a factor of 8975700?
False
Is 21375 a multiple of 3?
True
Does 11 divide 5698?
True
Does 16 divide 9598169?
False
Is 41 a factor of 3178243?
False
Is 34 a factor of 724462?
False
Does 10 divide 201560?
True
Is 329 a factor of 1051302?
False
Is 263 a factor of 118876?
True
Is 33 a factor of 606916?
False
Does 140 divide 1259720?
True
Is 79 a factor of 199791?
True
Does 10 divide 970700?
True
Is 290433 a multiple of 13?
True
Does 45 divide 69525?
True
Is 24 a factor of 96165?
False
Is 826206 a multiple of 385?
False
Is 186150 a multiple of 85?
True
Is 1757664 a multiple of 36?
True
Does 7 divide 77550?
False
Is 969408 a multiple of 27?
True
Is 5 a factor of 1256795?
True
Is 45520 a multiple of 40?
True
Does 146 divide 363738?
False
Is 481427 a multiple of 15?
False
Is 105 a factor of 605850?
True
Is 8375896 a multiple of 26?
False
Is 15 a factor of 413445?
True
Is 672974 a multiple of 29?
True
Is 188 a factor of 76768?
False
Is 128 a factor of 143488?
True
Is 3598125 a multiple of 19?
True
Is 18 a factor of 23730?
False
Is 8 a factor of 3688?
True
Does 17 divide 159001?
True
Does 9 divide 11457?
True
Is 5538424 a multiple of 103?
False
Is 2465760 a multiple of 11?
True
Is 130593 a multiple of 303?
True
Is 20803578 a multiple of 2057?
False
Is 189472 a multiple of 31?
True
Does 82 divide 113406?
True
Is 22 a factor of 94109?
False
Is 8 a factor of 135958?
False
Is 7350343 a multiple of 77?
True
Does 7 divide 71288?
True
Does 9 divide 5915637?
True
Is 192199 a multiple of 374?
False
Is 209 a factor of 111761?
False
Does 5 divide 12649285?
True
Is 6 a factor of 60972?
True
Is 5637190 a multiple of 403?
False
Does 227 divide 27467?
True
Does 41 divide 10165?
False
Is 3144880 a multiple of 40?
True
Is 409 a factor of 12388859?
False
Is 254 a factor of 7162435?
False
Is 41857 a multiple of 11?
False
Does 28 divide 14687932?
True
Is 528549 a multiple of 174?
False
Does 21 divide 280956?
False
Is 17902 a multiple of 7?
False
Is 17 a factor of 682102?
False
Is 1097789 a multiple of 583?
True
Does 263 divide 611829?
False
Does 285 divide 233130?
True
Does 3 divide 272338?
False
Does 9 divide 120647?
False
Does 98 divide 4429376?
False
Is 55 a factor of 50875?
True
Does 14 divide 3588888?
False
Is 193 a factor of 2018528?
False
Is 353076 a multiple of 18?
False
Is 8 a factor of 243709?
False
Is 38 a factor of 552021?
False
Is 503 a factor of 7822443?
False
Is 7446662 a multiple of 81?
False
Is 27 a factor of 6163165?
False
Does 99 divide 90800?
False
Is 133882 a multiple of 131?
True
Is 52632 a multiple of 12?
True
Is 3620683 a multiple of 121?
True
Is 5899 a multiple of 29?
False
Is 4482999 a multiple of 3?
True
Is 50383 a multiple of 300?
False
Does 76 divide 143404?
False
Is 755 a factor of 2804825?
True
Does 8 divide 4744552?
True
Does 7 divide 3248379?
False
Does 19 divide 2771815?
True
Does 130 divide 2006940?
True
Does 272 divide 4940608?
True
Is 90 a factor of 29332?
False
Is 199 a factor of 10558741?
True
Is 83 a factor of 1727799?
False
Is 378 a factor of 594594?
True
Is 88 a factor of 447744?
True
Is 7426130 a multiple of 9?
False
Is 1897578 